4
Let a(p) = p**3 - 15*p**2 + 58*p - 11. Calculate a(6).
13
Let s(r) = -r**2 + 109*r - 623. Calculate s(6).
-5
Let i(l) = l + 17. Determine i(27).
44
Let n(a) = a**3 - 19*a**2 + 17*a + 9. Calculate n(18).
-9
Let k(i) = -i + 3. Determine k(9).
-6
Let p(q) = q**3 + 5*q**2 + 2*q - 13. Determine p(-4).
-5
Let b(j) = -j**3 - 5*j**2 - 9*j - 2. Give b(-4).
18
Let a(p) = 5*p**2 + p. Calculate a(-2).
18
Let t(g) = -g**2 - 3*g + 4. Calculate t(-4).
0
Let p(c) = -9*c**2 + 146*c - 37. What is p(16)?
-5
Let h(p) = -10*p**3 + p**2 - p - 1. Determine h(-1).
11
Let a(u) = -127*u + 768. What is a(6)?
6
Let f(j) = 4*j + 21. Calculate f(-5).
1
Let t(q) = -3*q**2 + 14*q - 7. Determine t(4).
1
Let j(p) = -p**2 - 16*p - 28. Give j(-14).
0
Let z(o) = -o**2 + 22*o - 89. What is z(8)?
23
Let w(k) = -11*k + 4. Determine w(2).
-18
Let j(w) = -w**2 - 10*w + 54. What is j(-14)?
-2
Let g(i) = i**3 + 15*i**2 - 37*i - 561. Calculate g(-15).
-6
Let i(n) = -3*n + 29. Give i(7).
8
Let n(d) = d**3 + 8*d**2 + 8*d - 6. Give n(-7).
-13
Let u(z) = -7*z - 1. What is u(3)?
-22
Let h(x) = -3*x**2 - 13*x + 18. Determine h(-5).
8
Let k(w) = w - 3. Give k(8).
5
Let k(q) = 3*q**2 + 7*q - 2. Determine k(-3).
4
Let t(a) = -a + 14. Determine t(-12).
26
Let k(x) = 18*x + 71. Determine k(-4).
-1
Let t(p) = p**3 - 9*p**2 + 18*p - 6. What is t(6)?
-6
Let k(s) = s**3 + s**2 + 1. Give k(1).
3
Let q(r) = r**3 - 5*r**2 + 5*r + 3. Give q(4).
7
Let n(z) = -z**3 - 6*z**2 - z - 2. What is n(-6)?
4
Let v(u) = -5*u - 3. Determine v(7).
-38
Let l(f) = -9*f**2 - 19*f - 18. What is l(-1)?
-8
Let z(o) = -o**3 - 4*o**2 - 5*o - 6. Give z(-3).
0
Let z(b) = b**3 + 9*b**2 + 2*b + 18. Determine z(-9).
0
Let w(g) = 6*g + 15. Determine w(-4).
-9
Let d(p) = 7*p**2 + 196*p. Determine d(-28).
0
Let s(w) = w**3. Give s(0).
0
Let l(o) = -2*o + 2. What is l(-1)?
4
Let d(a) = a - 8. Determine d(0).
-8
Let b(n) = 44*n - 973. What is b(22)?
-5
Let r(f) = -3*f + 80. Give r(26).
2
Let x(y) = -11*y - 230. Calculate x(-21).
1
Let k(v) = -v**3 - 15*v**2 + 4. Determine k(-15).
4
Let r(g) = 2*g**3 - 25*g**2 + 11*g + 5. Calculate r(12).
-7
Let t(j) = -4*j**2 - 3*j. Calculate t(2).
-22
Let f(t) = 2*t**3 + 27*t**2 + 18*t + 47. Calculate f(-13).
-18
Let x(k) = k**3 - 5*k**2 - 4*k - 7. What is x(6)?
5
Let z(n) = -4*n. Calculate z(-1).
4
Let o(i) = 10*i - 1. Calculate o(5).
49
Let f(b) = 18*b - 135. Calculate f(7).
-9
Let y(x) = x**3 - 9*x**2 - 36*x + 2. What is y(12)?
2
Let t(b) = -b**3 - 22*b**2 - 25*b - 26. Determine t(-21).
58
Let f(h) = 2*h**3 + 2*h**2 + h + 3. Give f(-3).
-36
Let h(i) = -i**3 + i + 23. Give h(0).
23
Let l(m) = -m**3 - 10*m**2 + 2*m + 16. Determine l(-10).
-4
Let a(m) = -5*m**2 + 67*m - 67. What is a(1)?
-5
Let i(j) = 2*j**3 - 21*j**2 + 25*j + 15. Determine i(9).
-3
Let h(k) = -3*k**2 + 7*k + 7. Give h(5).
-33
Let l(t) = 35*t + 143. Calculate l(-4).
3
Let k(s) = 2*s**2 + 47*s - 22. What is k(-24)?
2
Let z(c) = c**2 + 3*c + 6. Determine z(-3).
6
Let j(m) = -m**3 + 11*m**2 + 13*m + 20. What is j(12)?
32
Let d(r) = -3*r + 3. What is d(1)?
0
Let u(n) = 3*n - 48. Determine u(4).
-36
Let c(w) = w**2 + 4*w - 1156. Give c(32).
-4
Let j(b) = 3*b**3 - 6*b**2 - 2*b - 7. Give j(3).
14
Let y(f) = 2*f**2 - 10*f + 6. Give y(6).
18
Let h(x) = -x**3 - 12*x**2 - 5*x - 1. What is h(-12)?
59
Let x(w) = -2*w**2 + 8*w + 6. Determine x(6).
-18
Let b(a) = 3*a - 14. Give b(6).
4
Let x(a) = a**2 + 4*a - 16. Give x(-5).
-11
Let p(z) = 2*z**2 + 27*z + 13. Determine p(-13).
0
Let v(y) = -9*y + 130. Calculate v(12).
22
Let v(g) = 6*g**2 + 3*g - 1. What is v(3)?
62
Let i(p) = -2*p**2 + 2*p + 12. What is i(-3)?
-12
Let x(a) = 2*a + 8. Determine x(-3).
2
Let s(o) = -o**2 + 5*o + 9. Calculate s(7).
-5
Let b(o) = -7*o - 109. Calculate b(-13).
-18
Let p(d) = 21*d**2. What is p(-1)?
21
Let g(k) = k**3 + 5*k**2 - 2*k - 13. Give g(-2).
3
Let z(w) = 6*w**2 + 7*w - 7. Calculate z(2).
31
Let f(w) = -3*w - 4. Give f(-2).
2
Let c(l) = l**2 - l - 290. Calculate c(-17).
16
Let g(l) = 2*l**3 + 2*l + 2. Calculate g(-1).
-2
Let s(g) = 8*g + 2. What is s(5)?
42
Let h(k) = -23*k**3 - k**2 - k - 1. What is h(-1)?
22
Let p(w) = -w**3 - 5*w**2 - 2*w + 5. Give p(-4).
-3
Let g(z) = 21*z - 336. Give g(16).
0
Let s(w) = -13*w + 10. What is s(-1)?
23
Let k(y) = 2*y**3 - 48*y**2 + 2*y - 23. What is k(24)?
25
Let o(x) = -x + 8. Determine o(7).
1
Let r(w) = 2*w**2 + 6*w - 4. Determine r(-5).
16
Let b(k) = -k**2 - 10*k + 26. Calculate b(-12).
2
Let v(z) = -z**2 - 5*z + 1. Determine v(-5).
1
Let f(j) = -5*j**2 + 7*j - 8. Determine f(2).
-14
Let f(m) = 3*m**2 - 5*m + 5. Give f(3).
17
Let t(a) = -a + 12. Give t(-6).
18
Let f(d) = -3*d + 7. Determine f(5).
-8
Let t(o) = -o**3 - 9*o**2 - 21. Determine t(-9).
-21
Let g(f) = -f**2 - 3*f - 4. What is g(-1)?
-2
Let f(s) = s - 32. Give f(18).
-14
Let s(z) = z**3 - 4*z - 5. Give s(-3).
-20
Let j(g) = -g**3 - 12*g**2 - g - 10. Determine j(-12).
2
Let a(r) = 6*r - 12. Give a(5).
18
Let n(k) = -k - 15. Determine n(-7).
-8
Let a(s) = 67*s + 20. Determine a(1).
87
Let p(x) = 7*x + 4. Determine p(-1).
-3
Let s(n) = n - 4. Calculate s(-18).
-22
Let d(f) = f**3 - 15*f**2 - 10. Calculate d(15).
-10
Let o(l) = l + 2. Determine o(-6).
-4
Let x(d) = -2*d**3 + 32*d**2 - 62*d + 82. Give x(14).
-2
Let j(b) = 21*b**3 + 1. Give j(-1).
-20
Let m(k) = -2*k**2 + 9*k - 7. What is m(3)?
2
Let v(c) = c**2 + 3*c - 4. Give v(-4).
0
Let x(a) = -2*a**3 - 51*a**2 - 70*a + 38. What is x(-24)?
-10
Let a(i) = -i**3 + 4*i**2 - i - 5. Determine a(4).
-9
Let q(b) = b**2 + 9*b - 3. Calculate q(0).
-3
Let v(w) = -w**3 - 16*w**2 - 29*w - 1. Calculate v(-14).
13
Let f(i) = i + 1. Calculate f(2).
3
Let v(p) = -p**2 + 10*p - 17. Determine v(8).
-1
Let n(t) = 7*t**3 + 79*t**2 + 21*t - 18. What is n(-11)?
-7
Let r(g) = -4*g**3 + 3*g**2 - 2*g. Determine r(2).
-24
Let d(y) = 61*y**3. What is d(-1)?
-61
Let a(y) = 7*y**2 - 189*y + 3. What is a(27)?
3
Let o(q) = q**3 - 10*q**2 + 10*q - 5. Determine o(4).
-61
Let a(g) = -7*g**2 - g + 1. Calculate a(1).
-7
Let n(k) = -5*k**3 + 4*k**2 - 14*k + 9. Calculate n(1).
-6
Let z(k) = -7*k**3 + k**2 - 1. Determine z(2).
-53
Let d(w) = -6*w + 16. Give d(3).
-2
Let o(m) = 38*m + 398. Calculate o(-11).
-20
Let y(b) = b - 5. Give y(7).
2
Let w(s) = 2*s**3 - 27*s**2 + 12*s + 15. What is w(13)?
2
Let g(a) = 4*a**2 + a. Calculate g(1).
5
Let g(r) = -57*r + 52. What is g(1)?
-5
Let b(t) = 3*t - 5. Calculate b(-8).
-29
Let h(p) = -p**3 + 7*p**2 - 8*p + 8. Give h(6).
-4
Let a(u) = u**2 - 22*u - 64. What is a(26)?
40
Let l(z) = -z. Give l(14).
-14
Let l(j) = -5*j - 33. Give l(7).
-68
Let h(q) = -10*q + 47. Calculate h(6).
-13
Let k(m) = -m + 3. Give k(8).
-5
Let c(d) = d**3 + 9*d**2 + 4*d - 3. Give c(-7).
67
Let c(a) = -4*a + 50. Determine c(12).
2
Let w(h) = h**3 - 6*h**2 + 6*h - 8. What is w(6)?
28
Let q(b) = -b**2 + 13*b + 44. Calculate q(16).
-4
Let g(x) = x**3 + 9*x**2 - 11*x + 4. What is g(-10)?
14
Let q(d) = 60*d**2 - 6*d + 3. Calculate q(1).
57
Let n(q) = -2*q**3 - 48*q**2 + 49*q - 17. Determine n(-25).
8
Let q(f) = -4*f - 3. Give q(-5).
17
Let n(z) = z**2 - 12*z + 26. Give n(9).
-1
Let r(w) = 2*w**2 - w + 14. Give r(4).
42
Let a(t) = t**3 - 5*t**2 - 3*t + 9. Calculate a(5).
-6
Let r(t) = -2*t**3 + t**2 - t - 5. Calculate r(4).
-121
Let t(d) = -d**3 + 15*d**2 - 17. What is t(15)?
-17
Let u(l) = l**2 + 7*l. Calculate u(-7).
0
Let z(i) = -i**3 - 10*i**2 + 6*i - 66. Calculate z(-11).
-11
Let y(m) = 8*m - 17. Calculate y(2).
-1
Let h(m) = -3*m**2 + 23*m - 12. What is h(7)?
2
Let k(z) = -z**3 + 11*z**2 - 2*z + 9. Calculate k(11).
-13
Let j(c) = c**3 - 18*c**2 + 20*c - 48. What is j(17)?
3
Let f(k) = k**3 + 5*k**2 + 6*k. Determine f(-4).
-8
Let u(w) = 11*w**2 + 2*w - 3. Determine u(2).
45
Let i(x) = 4*x**3 - 50*x**2 - 25*x - 14. Calculate i(13).
-1
Let v(x) = x**3 - 33*x**2 + x - 28. Calculate v(33).
5
Let n(v) = 18*v + 21. Give n(0).
21
Let t(j) = -j - 5. Calculate t(0).
-5
Let h(m) = m + 3. What is h(14)?
17
Let n(y) = 2*y**2 + 49*y + 69. Calculate n(-23).
0
Let r(a) = 15*a**2 - 572*a + 78. Calculate r(38).
2
Let f(u) = u**3 - 4*u**2 - 12*u + 1. Determine f(6).
1
Let o(d) = -d**2 + 18*d - 18. Give o(17).
-1
Let q(i) = i**2 - 15*i - 19. Calculate q(15).
-19
Let v(l) = 30*l - 175. Determine v(6).
5
Let d(k) = k**2 - 2*k + 5. Calculate d(3).
8
Let g(b)